t is the units digit of b?
0
Let n = -27 - -102. What is the tens digit of n?
7
Let u(k) = -6*k**3 + 9*k**2 + k + 1. Let w(n) = -7*n**3 + 10*n**2 + 1. Let d(o) = 6*u(o) - 5*w(o). Let s be d(5). Let x = 6 + s. What is the tens digit of x?
1
Let c(j) = j**3 + 8*j**2 + 9*j - 2. Let o be c(-7). What is the units digit of (-1)/((-44)/o + -3)?
4
What is the units digit of ((-96)/(-15))/((-2)/(-10))?
2
Let a(h) = 11*h**2 - 2*h + 1. Let t be a(2). Let y = -24 + t. What is the units digit of y?
7
Let z = -5 + 7. Let q(s) be the third derivative of s**6/120 - s**5/60 - s**4/12 + s**3/2 + s**2. What is the units digit of q(z)?
3
Let z(x) be the first derivative of -9*x**2/2 - x + 2. Let r be (-2)/3 - (-4)/(-12). What is the units digit of z(r)?
8
Suppose 386 + 432 = 5*s + 3*x, 158 = s - 5*x. What is the hundreds digit of s?
1
Let b = 11 - 11. Suppose 5*j - 4*j - 2 = b. What is the units digit of j?
2
Let s(o) = 3*o**2 + 2*o + 1. Suppose 2*m + 2 = 0, 4*r - 2*r - 4*m + 2 = 0. What is the tens digit of s(r)?
2
Let u(o) = -2*o + 15. Let l be u(-13). Let i = 62 - l. What is the units digit of i?
1
Let j be 1 + -3 + -5 + 7. Suppose j = -3*d + 8*d - 20. What is the units digit of d?
4
Suppose -5*m = 5, -3*m + 9 = 2*v - v. Suppose -s = -q - 3, -s = q + s - v. What is the units digit of q?
2
Suppose 0 = -f - o + 81, 2*o = -f + 4*o + 90. What is the units digit of f?
4
Suppose 0 = 2*i + 5*m - 78, -m = i - 2*i + 25. What is the units digit of i?
9
Let t = 18 - 17. Suppose -2*u + u = -4. What is the units digit of (5 - (-2 + u)) + t?
4
Suppose -3*y - 46 = -5*b, 2*b + 3*y - 8 = 2. What is the units digit of b?
8
Let y = -2 + 2. Suppose t - 1 = -y*t. What is the units digit of t?
1
Let n be (-1 - -4)*(-4)/(-6). Let b be (-25)/(-5) + (-1)/(-1). Let a = n + b. What is the units digit of a?
8
Let w(l) = l**3 - 5*l**2 + 3*l - 6. Let d be w(5). Suppose -5*z - 1 = d. What is the units digit of 0 + z*(-6)/4?
3
Suppose -3*v - 2 = 4*y, 0 = 5*y - 3*v - 1 - 10. Let z be y/(-3)*36/6. What is the units digit of (4/z)/(-1 + -1)?
1
Let b(u) = -u**2 + 7*u + 8. Let o be b(8). Suppose 0 = 5*l - 4*n - 138, -l - l - 2*n + 66 = o. What is the tens digit of l?
3
Suppose -5*a + 6*a - 40 = 0. What is the tens digit of a?
4
Suppose 0 = -r - 2*y + 219, -2*y = -r - 0*r + 207. What is the units digit of r?
3
Let a be (9/6)/(3/(-6)). Let q = a - -3. Suppose -3*z + 17 - 5 = q. What is the units digit of z?
4
Suppose 0*w = -2*w + 3*z + 502, -4*w = -4*z - 1008. What is the units digit of w?
4
Let t(q) = q**2 + 8*q + 5. Let s be t(-7). Let g be 3 + s - (-1)/1. What is the units digit of -1*(-2 + -3 + g)?
3
Suppose o - 38 = -0*o - 5*w, -2*w = 4*o - 80. Suppose -s + 2*i = -9, 3*i - 2*i + o = 5*s. Suppose s*n - 10 = -2*n. What is the units digit of n?
2
Suppose i - 4*h = 13 + 9, -3*h = 2*i - 22. What is the tens digit of i?
1
Let d(o) = -o**3 + 11*o**2 - 4*o + 19. What is the units digit of d(6)?
5
Let g(i) = -2*i + 11. Let m be g(5). Let s = 27 + -15. Let q = s - m. What is the tens digit of q?
1
Suppose 3*x = -x + 16. Suppose -6*u + u - 40 = -4*w, x*w + 5*u = 0. Suppose -w*d + 55 = -0*d. What is the units digit of d?
1
Let d(s) = 4*s - 11. What is the tens digit of d(9)?
2
Let o(z) = z**2 - 4*z + 28. What is the units digit of o(12)?
4
Suppose 23 = 2*m + 3. What is the units digit of m?
0
What is the units digit of 477*(-5 - 102/(-18))?
8
Let d be 8/5 + 8/20. Let h(x) = x**3 - 3*x**2 + 3*x - 1. What is the units digit of h(d)?
1
Let m(o) = 76*o**2 - o + 2. What is the tens digit of m(1)?
7
Suppose 0 = -4*w + 18 - 2. Let o = -1 - -2. Let v = w - o. What is the units digit of v?
3
Let a(l) = -5*l**2 - 8 + 2 + l**2 + 3*l - l**3 + 2*l**3. What is the units digit of a(4)?
6
Let x(p) = 3*p**2 + 4. What is the tens digit of x(-3)?
3
Let q = -43 - -26. Let f = -12 - q. What is the units digit of f?
5
Let z(d) be the first derivative of d**2/2 - 3*d - 2. Let r be z(6). What is the units digit of 12*r/(27/3)?
4
Let a(v) = 11*v + 11. Let g(c) = 4*c + 4. Let r(d) = -3*a(d) + 8*g(d). Let i = -16 - -9. What is the units digit of r(i)?
6
Let f(z) = z**3 - 8*z**2 + 3*z + 9. What is the units digit of f(9)?
7
Let b(u) be the first derivative of -u**3/3 + u**2 + 6. What is the units digit of b(1)?
1
Suppose -3*d - 6 = -4*d. Suppose 0 = -4*p + p + d. Suppose -j = -2*j + p. What is the units digit of j?
2
Suppose 0 = -5*w + 3*f + 11, f + 8 = 3*w - 1. What is the units digit of 14/(-7) - -1*w?
2
Let z(k) = 7*k. Let f be z(1). Let m(x) = -x**2 + 10*x + 12. What is the units digit of m(f)?
3
Suppose 0 = 4*m - 4*u + 2*u - 92, 0 = 2*m - 2*u - 46. What is the units digit of m?
3
What is the units digit of 0/2 + 43 + -4?
9
Suppose 5*i = 2*v + 3*i, 0 = -5*v - i + 24. Let k = -21 + 9. What is the units digit of (-1)/v - 39/k?
3
Suppose -5*d + 100 = f, -3*f = 2*f - d - 396. What is the units digit of f?
0
Let y = 54 + -27. What is the units digit of y?
7
Let k be -1 + -1 + 9/1. Let c(u) = -7*u**2 + 9*u - 10. Let d(f) = 8*f**2 - 9*f + 10. Let t(w) = 7*c(w) + 6*d(w). What is the units digit of t(k)?
4
Suppose 180 = -2*f + 6*f. What is the units digit of 0 + f/3 - 1?
4
What is the tens digit of (-1)/(-4) - (-3729)/44?
8
Let l(i) = 4 + 1 + 0 + i. What is the tens digit of l(9)?
1
Let g = -2 - -8. Suppose -g = -m - 2*h, 0*m + 27 = 2*m - h. What is the tens digit of m?
1
Suppose 0 = 3*h + o - 8, -3*o + o = 4*h - 12. What is the units digit of h?
2
Let x be 782/7 + (-14)/(-49). Suppose 3*l - x = -25. What is the tens digit of l?
2
Let w = 490 - 287. What is the hundreds digit of w?
2
Let y be -1*(1 + -1)/(-2). Suppose y*t = -3*t + 48. What is the tens digit of t?
1
Let l(k) = -k**3 - 7*k**2 + 9*k - 6. Let h be l(-8). Let g = 15 + h. What is the units digit of g?
1
Suppose 4*d - 2 - 2 = 0. Let f be d/(-5) - (-24)/(-5). Let p(v) = -v**2 - 6*v - 4. What is the units digit of p(f)?
1
Let l(r) = r**3 + 6*r**2 - r - 4. Let q be l(-6). What is the tens digit of q/(2/(-1)) + 31?
3
Suppose -3*g + 2*d + 26 = 0, 0*g - 2*d = -2*g + 18. What is the units digit of g?
8
Suppose 3*k = -4*s + 1 - 9, 0 = k - 5*s - 29. Suppose -k*l + 65 = 3*i, 2*i = i + 3. What is the tens digit of l?
1
Let q = 8 - 6. Suppose q*b = 6*b - 68. What is the units digit of b?
7
Suppose 4*k - 2 = -3*s, 5*s + 0*s + 4*k + 10 = 0. What is the units digit of (12/(-2))/(3/s)?
2
Let u = 38 + 34. What is the tens digit of u?
7
What is the tens digit of -5 + 8 - (-94)/2?
5
Let q(h) = h**3 - h**2 + 2*h - 1. Let a be q(1). Suppose -u + 4 = -a. What is the units digit of (3/u)/((-1)/(-5))?
3
Let b(c) = 3*c**2 + c - 1. Let g be (2/(-6))/(3/(-18)). What is the tens digit of b(g)?
1
Let v be ((-4)/6)/((-6)/99). Suppose 2*o - 6*o + 3*i + 18 = 0, -4*i = -o + v. Suppose -3*n + o*p = -2*n - 15, 0 = -n + 2*p + 12. What is the units digit of n?
6
Let c be (-1)/((-4)/(-6))*-10. Suppose -9 = -0*m - 3*m. Let d = c - m. What is the tens digit of d?
1
Let v = 8 - -5. Let o = 18 - v. What is the units digit of o?
5
Let o(y) = -y**3 - 9*y**2 + 9*y - 5. Let k be o(-10). Suppose -4*w - k*z + 26 = -3, 4*z = 4. What is the units digit of w?
6
Let j(h) = -h**3 + 6*h**2 + 3*h - 7. Let u be j(6). What is the tens digit of (-2)/u + (-1246)/(-77)?
1
Let j = 36 + -1. What is the units digit of j?
5
Let y(l) = 3*l - 2. Suppose -j + 4*b = -8, -3*j - 5 = 2*b + 13. Let o be y(j). Let a = o + 23. What is the units digit of a?
9
Let f = 7 - -1. Let n(q) = -q**3 + 10*q + 7*q**2 - 14 + 1 + 2. What is the units digit of n(f)?
5
Let c = 2 + 3. What is the units digit of c?
5
What is the units digit of (4/30)/(10/(-3390))*-5?
6
Suppose 0 = -3*i - 3*y + 51, i - y + 0*y = 13. What is the units digit of i?
5
Suppose -4*z = -30 - 42. Suppose w = -w + z. Suppose 2*i + 6 = 0, -1 = 5*c + 4*i - w. What is the units digit of c?
4
Let s = -7 + 9. Let u be (-3)/(-6)*-2 + s. What is the units digit of 1 + (u - -1 - 0)?
3
Suppose -2*z - 29 = -711. What is the hundreds digit of z?
3
Let f be 12 - 2/4*-4. Suppose -f - 12 = -2*c. What is the tens digit of c?
1
What is the units digit of 2 - 5/2*-4*6?
2
What is the tens digit of (-9)/(-3) + 47 + -1?
4
Suppose -5*s = -3*u + 186, 0*u - 45 = s + 2*u. Let z = -24 - s. What is the tens digit of z?
1
Let u(b) = -18*b. Let p be u(-1). Suppose p = 4*m + 2. What is the units digit of m?
4
Suppose